{"id":765,"date":"2023-01-11T14:57:25","date_gmt":"2023-01-11T13:57:25","guid":{"rendered":"https:\/\/lacasadeluculo.com\/?page_id=765"},"modified":"2023-12-19T21:49:38","modified_gmt":"2023-12-19T20:49:38","slug":"capitulos-2023","status":"publish","type":"page","link":"https:\/\/lacasadeluculo.com\/?page_id=765","title":{"rendered":"Cap\u00edtulos 2023"},"content":{"rendered":"\n<p class=\"has-text-align-center has-accent-color has-text-color\">Enero 2023<\/p>\n\n\n\n<p><a href=\"https:\/\/lacasadeluculo.com\/wp-admin\/edit.php?post_type=page\"><\/a><\/p>\n\n\n\n<p class=\"has-background\" style=\"background-color:#fff7c6\"><strong>bodega :&nbsp;Heras Cord\u00f3n<br>invitado :<\/strong>&nbsp;Jos\u00e9 Luis Heras<br><a href=\"https:\/\/lacasadeluculo.com\/uploads\/2023\/01\/CAP23_01.pdf\">vinos y men\u00fa <\/a>    &#8212;              <a href=\"https:\/\/lacasadeluculo.com\/uploads\/2022\/01\/glosa_I_de_Miguel.pdf\" data-type=\"URL\" data-id=\"https:\/\/lacasadeluculo.com\/uploads\/2022\/01\/glosa_I_de_Miguel.pdf\"> <\/a><a href=\"https:\/\/lacasadeluculo.com\/uploads\/2023\/01\/Glosa-Heras.pdf\" data-type=\"URL\">glosa<\/a><\/p>\n\n\n\n<p class=\"has-text-align-center has-accent-color has-text-color\">Febrero 2023<\/p>\n\n\n\n<p class=\"has-background\" style=\"background-color:#fff7c6\"><strong>bodega : Bodegas Bhilar  (Rioja alavesa y Sierra de Salamanca)<br>invitado :<\/strong>&nbsp;David Sampedro<br>cata previa a la cena : Phinca La Revilla Blanco y Tinto 2014<br><a href=\"https:\/\/lacasadeluculo.com\/uploads\/2023\/02\/CAP23_02.pdf\">vinos y men\u00fa <\/a>    &#8212;              <a href=\"https:\/\/lacasadeluculo.com\/uploads\/2022\/01\/glosa_I_de_Miguel.pdf\" data-type=\"URL\" data-id=\"https:\/\/lacasadeluculo.com\/uploads\/2022\/01\/glosa_I_de_Miguel.pdf\"> <\/a><a href=\"https:\/\/lacasadeluculo.com\/uploads\/2023\/02\/resena-bhilar.pdf\" data-type=\"URL\">rese\u00f1a<\/a><\/p>\n\n\n\n<p class=\"has-text-align-center has-accent-color has-text-color\">Marzo 2023<\/p>\n\n\n\n<p class=\"has-background\" style=\"background-color:#fff7c6\"><strong>bodega : Bodega Marisol Rubio  y Bodega Alberto Calleja<br>invitados :<\/strong>&nbsp;Cipriano y Jorge GARRIDO \/ Alberto CALLEJA<br><br><a href=\"https:\/\/lacasadeluculo.com\/?attachment_id=811\">vinos y men\u00fa <\/a>    &#8212;              <a href=\"https:\/\/lacasadeluculo.com\/uploads\/2022\/01\/glosa_I_de_Miguel.pdf\" data-type=\"URL\" data-id=\"https:\/\/lacasadeluculo.com\/uploads\/2022\/01\/glosa_I_de_Miguel.pdf\"> <\/a><a href=\"https:\/\/lacasadeluculo.com\/uploads\/2023\/03\/resena-MARISOL-RUBIO-Y-ALBERTO-CALLEJA.pdf\" data-type=\"URL\">rese\u00f1a<\/a><\/p>\n\n\n\n<p class=\"has-text-align-center has-accent-color has-text-color\">Abril 2023<\/p>\n\n\n\n<p class=\"has-background\" style=\"background-color:#fff7c6\"><strong>bodega : El Lagar de Isilla <\/strong> (Ribera del Duero)<br>i<strong>nvitados :<\/strong>&nbsp;Jos\u00e9 Garcia Arrontes ,Gerente y Helena Lopez<br><br><a href=\"https:\/\/lacasadeluculo.com\/uploads\/2023\/04\/CAP23_04.pdf\">vinos y men\u00fa <\/a>    &#8212;              <a href=\"https:\/\/lacasadeluculo.com\/uploads\/2022\/01\/glosa_I_de_Miguel.pdf\" data-type=\"URL\" data-id=\"https:\/\/lacasadeluculo.com\/uploads\/2022\/01\/glosa_I_de_Miguel.pdf\"> <\/a><a href=\"https:\/\/lacasadeluculo.com\/uploads\/2023\/04\/resena-isilla.pdf\" data-type=\"URL\">rese\u00f1a<\/a><\/p>\n\n\n\n<p class=\"has-text-align-center has-accent-color has-text-color\">Mayo 2023<\/p>\n\n\n\n<p class=\"has-background\" style=\"background-color:#fff7c6\"><strong>bodega : La Loba<\/strong> (Ribera del Duero)<br>i<strong>nvitada  :<\/strong>&nbsp;Ana Carazo<br><br><a href=\"https:\/\/lacasadeluculo.com\/uploads\/2023\/05\/CAP23_05.pdf\">vinos y men\u00fa   <\/a>  &#8212;              <a href=\"https:\/\/lacasadeluculo.com\/uploads\/2022\/01\/glosa_I_de_Miguel.pdf\" data-type=\"URL\" data-id=\"https:\/\/lacasadeluculo.com\/uploads\/2022\/01\/glosa_I_de_Miguel.pdf\"> <\/a><a href=\"https:\/\/lacasadeluculo.com\/uploads\/2023\/05\/resena-loba.pdf\" data-type=\"URL\">rese\u00f1a<\/a>   &#8212;    <a href=\"https:\/\/lacasadeluculo.com\/uploads\/2023\/05\/Glosa-loba.pdf\" data-type=\"URL\" data-id=\"https:\/\/lacasadeluculo.com\/uploads\/2023\/05\/Glosa-loba.pdf\">glosa<\/a><\/p>\n\n\n\n<p class=\"has-text-align-center has-accent-color has-text-color\">Junio 2023<\/p>\n\n\n\n<p class=\"has-background\" style=\"background-color:#fff7c6\"><strong>bodega : Martinez Lacuesta (DOC Rioja)<\/strong><br>i<strong>nvitados  :<\/strong>&nbsp;Javier Ba\u00f1ales (DG) y Ignacio Tejada (Consejero)<br><br><a href=\"https:\/\/lacasadeluculo.com\/uploads\/2023\/06\/CAP23_06.pdf\">vinos y men\u00fa   <\/a>  &#8212;              <a href=\"https:\/\/lacasadeluculo.com\/uploads\/2022\/01\/glosa_I_de_Miguel.pdf\" data-type=\"URL\" data-id=\"https:\/\/lacasadeluculo.com\/uploads\/2022\/01\/glosa_I_de_Miguel.pdf\"> <\/a><a href=\"https:\/\/lacasadeluculo.com\/uploads\/2023\/06\/resena-martinez-lacuesta.pdf\" data-type=\"URL\">rese\u00f1a<\/a>   &#8212;    <a href=\"https:\/\/lacasadeluculo.com\/uploads\/2023\/06\/GLOSA-MARTINEZ-LACUESTA.pdf\" data-type=\"URL\">glosa<\/a><\/p>\n\n\n\n<p class=\"has-text-align-center has-accent-color has-text-color\">Julio 2023<\/p>\n\n\n\n<p class=\"has-background\" style=\"background-color:#fff7c6\"><strong>bodega : Vi\u00f1a Zorzal  (DO  Navarra)<\/strong><br>i<strong>nvitado  :<\/strong>&nbsp;Xavier Sanz<br><a href=\"https:\/\/lacasadeluculo.com\/uploads\/2023\/07\/CAP23_07.pdf\">vinos y men\u00fa   <\/a>  &#8212;              <a href=\"https:\/\/lacasadeluculo.com\/uploads\/2022\/01\/glosa_I_de_Miguel.pdf\" data-type=\"URL\" data-id=\"https:\/\/lacasadeluculo.com\/uploads\/2022\/01\/glosa_I_de_Miguel.pdf\"> <\/a><a href=\"https:\/\/lacasadeluculo.com\/uploads\/2022\/04\/EN-PROCESO-DE-EDICION.pdf\" data-type=\"URL\">rese\u00f1a<\/a>   &#8212;    <a href=\"https:\/\/lacasadeluculo.com\/uploads\/2022\/04\/EN-PROCESO-DE-EDICION.pdf\" data-type=\"URL\">glosa<\/a><\/p>\n\n\n\n<p class=\"has-text-align-center has-accent-color has-text-color\">Septiembre 2023<\/p>\n\n\n\n<p class=\"has-background\" style=\"background-color:#fff7c6\"><strong>bodegas :  Cava Grimau (DO Cava)<\/strong><br>                   <strong>Celler Bartholome  (DO Priorat )<\/strong><br>i<strong>nvitados  :<\/strong>&nbsp;Montse Nicol\u00e1s<br>                   Jordi Pardos<br><br><a href=\"https:\/\/lacasadeluculo.com\/uploads\/2023\/09\/CAP23_09.pdf\">vinos y men\u00fa   <\/a>  &#8212;              <a href=\"https:\/\/lacasadeluculo.com\/uploads\/2022\/01\/glosa_I_de_Miguel.pdf\" data-type=\"URL\" data-id=\"https:\/\/lacasadeluculo.com\/uploads\/2022\/01\/glosa_I_de_Miguel.pdf\"> <\/a><\/p>\n\n\n\n<p class=\"has-text-align-center has-accent-color has-text-color\">Octubre 2023<\/p>\n\n\n\n<p class=\"has-background\" style=\"background-color:#fff7c6\"><strong>La Gran Bouffe (sin bodega,sin invitado)<\/strong><br><br><a href=\"https:\/\/lacasadeluculo.com\/uploads\/2023\/10\/CAP23_10_GB.pdf\">vinos y men\u00fa   <\/a>  &#8212;     <\/p>\n\n\n\n<p class=\"has-text-align-center has-accent-color has-text-color\">Noviembre 2023<\/p>\n\n\n\n<p class=\"has-background\" style=\"background-color:#fff7c6\"><strong>bodegas :  Cesar  Pr\u00edncipe (DO Cigales)<\/strong><br>i<strong>nvitado  :<\/strong>&nbsp;Ignacio Pr\u00edncipe<br>                  <br><br><a href=\"https:\/\/lacasadeluculo.com\/uploads\/2023\/09\/CAP23_09.pdf\">vinos y <\/a><a href=\"https:\/\/lacasadeluculo.com\/uploads\/2023\/11\/CAP23_11.pdf\">men\u00fa<\/a><a href=\"https:\/\/lacasadeluculo.com\/uploads\/2023\/09\/CAP23_09.pdf\">   <\/a>  &#8212;              <a href=\"https:\/\/lacasadeluculo.com\/uploads\/2022\/01\/glosa_I_de_Miguel.pdf\" data-type=\"URL\" data-id=\"https:\/\/lacasadeluculo.com\/uploads\/2022\/01\/glosa_I_de_Miguel.pdf\"> <\/a><a href=\"https:\/\/lacasadeluculo.com\/uploads\/2023\/11\/Glosa-Principe.pdf\">glosa<\/a><\/p>\n\n\n\n<p class=\"has-text-align-center has-accent-color has-text-color\">Diciembre 2023<\/p>\n\n\n\n<p class=\"has-background\" style=\"background-color:#fff7c6\"><strong>bodegas :  Jean Leon<\/strong><br>i<strong>nvitado  :<\/strong>&nbsp;Sergi Castro<br>                  <br><br><a href=\"https:\/\/lacasadeluculo.com\/uploads\/2023\/12\/CAP23_12.jpeg\">vinos<\/a><a href=\"https:\/\/lacasadeluculo.com\/uploads\/2023\/09\/CAP23_09.pdf\"> y <\/a><a href=\"https:\/\/lacasadeluculo.com\/uploads\/2023\/11\/CAP23_11.pdf\">men\u00fa<\/a><a href=\"https:\/\/lacasadeluculo.com\/uploads\/2023\/09\/CAP23_09.pdf\">   <\/a>  &#8212;              <a href=\"https:\/\/lacasadeluculo.com\/uploads\/2022\/01\/glosa_I_de_Miguel.pdf\" data-type=\"URL\" data-id=\"https:\/\/lacasadeluculo.com\/uploads\/2022\/01\/glosa_I_de_Miguel.pdf\"> <\/a><a href=\"https:\/\/lacasadeluculo.com\/uploads\/2023\/12\/Glosa-JEAN-LEON.pdf\">glosa<\/a><\/p>\n\n\n\n<p class=\"has-background\" style=\"background-color:#fff7c6\"><\/p>\n","protected":false},"excerpt":{"rendered":"<p>Enero 2023 bodega :&nbsp;Heras Cord\u00f3ninvitado :&nbsp;Jos\u00e9 Luis Herasvinos y men\u00fa &#8212; glosa Febrero 2023 bodega : Bodegas Bhilar (Rioja alavesa y Sierra de Salamanca)invitado :&nbsp;David Sampedrocata previa a la cena : Phinca La Revilla Blanco y Tinto 2014vinos y men\u00fa &#8212; rese\u00f1a Marzo 2023 bodega : Bodega Marisol Rubio y Bodega Alberto Callejainvitados :&nbsp;Cipriano y [&hellip;]<\/p>\n","protected":false},"author":1,"featured_media":0,"parent":0,"menu_order":0,"comment_status":"closed","ping_status":"closed","template":"","meta":{"footnotes":""},"class_list":["post-765","page","type-page","status-publish","hentry"],"_links":{"self":[{"href":"https:\/\/lacasadeluculo.com\/index.php?rest_route=\/wp\/v2\/pages\/765","targetHints":{"allow":["GET"]}}],"collection":[{"href":"https:\/\/lacasadeluculo.com\/index.php?rest_route=\/wp\/v2\/pages"}],"about":[{"href":"https:\/\/lacasadeluculo.com\/index.php?rest_route=\/wp\/v2\/types\/page"}],"author":[{"embeddable":true,"href":"https:\/\/lacasadeluculo.com\/index.php?rest_route=\/wp\/v2\/users\/1"}],"replies":[{"embeddable":true,"href":"https:\/\/lacasadeluculo.com\/index.php?rest_route=%2Fwp%2Fv2%2Fcomments&post=765"}],"version-history":[{"count":53,"href":"https:\/\/lacasadeluculo.com\/index.php?rest_route=\/wp\/v2\/pages\/765\/revisions"}],"predecessor-version":[{"id":998,"href":"https:\/\/lacasadeluculo.com\/index.php?rest_route=\/wp\/v2\/pages\/765\/revisions\/998"}],"wp:attachment":[{"href":"https:\/\/lacasadeluculo.com\/index.php?rest_route=%2Fwp%2Fv2%2Fmedia&parent=765"}],"curies":[{"name":"wp","href":"https:\/\/api.w.org\/{rel}","templated":true}]}}